est common factor of 265 and 11.
1
What is the highest common factor of 728 and 301?
7
Calculate the highest common divisor of 7602 and 7.
7
What is the greatest common factor of 30 and 312?
6
Calculate the highest common factor of 36 and 234.
18
What is the highest common factor of 57013 and 22?
11
Calculate the highest common divisor of 6 and 1749.
3
Calculate the greatest common factor of 527 and 31.
31
Calculate the highest common divisor of 1599 and 78.
39
What is the greatest common factor of 28 and 7364?
28
What is the greatest common divisor of 667 and 46?
23
What is the greatest common factor of 175 and 245?
35
What is the greatest common factor of 14 and 210?
14
What is the highest common factor of 12949 and 23?
23
What is the highest common factor of 154 and 210?
14
What is the greatest common divisor of 44 and 1606?
22
What is the highest common factor of 893 and 141?
47
What is the highest common divisor of 2378 and 287?
41
Calculate the highest common factor of 23 and 299.
23
Calculate the highest common divisor of 205 and 6724.
41
What is the greatest common divisor of 36 and 348?
12
Calculate the greatest common factor of 1 and 2503.
1
What is the greatest common factor of 51 and 102?
51
What is the highest common divisor of 26 and 598?
26
What is the greatest common divisor of 4 and 98?
2
What is the highest common factor of 9 and 1017?
9
What is the highest common divisor of 7380 and 540?
180
Calculate the highest common factor of 46 and 8326.
46
Calculate the highest common factor of 705 and 15.
15
What is the highest common factor of 2 and 1922?
2
Calculate the greatest common divisor of 713 and 23.
23
What is the greatest common factor of 1064 and 686?
14
What is the highest common factor of 15100 and 20?
20
Calculate the highest common factor of 25 and 625.
25
What is the highest common factor of 32 and 12344?
8
Calculate the highest common divisor of 270 and 10.
10
What is the highest common divisor of 12 and 462?
6
Calculate the greatest common divisor of 441 and 3654.
63
Calculate the highest common divisor of 40 and 1208.
8
Calculate the greatest common factor of 1424 and 89.
89
What is the greatest common divisor of 2093 and 130?
13
Calculate the highest common divisor of 71 and 1136.
71
Calculate the greatest common divisor of 48 and 16.
16
Calculate the highest common divisor of 231 and 7689.
33
Calculate the greatest common divisor of 1457 and 47.
47
Calculate the greatest common factor of 1590 and 150.
30
Calculate the highest common factor of 560 and 350.
70
Calculate the highest common divisor of 4320 and 4.
4
Calculate the highest common divisor of 6 and 1398.
6
What is the highest common factor of 15 and 12345?
15
What is the greatest common factor of 77 and 913?
11
Calculate the highest common divisor of 3060 and 238.
34
Calculate the greatest common divisor of 612 and 27948.
204
What is the greatest common factor of 205 and 275?
5
Calculate the highest common factor of 1944 and 3.
3
What is the highest common factor of 5 and 160?
5
What is the highest common factor of 2214 and 54?
54
Calculate the greatest common divisor of 24 and 108.
12
Calculate the highest common divisor of 6169 and 279.
31
What is the highest common divisor of 122 and 549?
61
Calculate the highest common factor of 280 and 20.
20
What is the highest common factor of 76 and 247?
19
Calculate the highest common factor of 2244 and 1836.
204
What is the greatest common divisor of 7 and 567?
7
Calculate the greatest common factor of 9 and 21.
3
Calculate the greatest common divisor of 4 and 514.
2
What is the highest common factor of 22 and 28138?
22
What is the highest common factor of 31092 and 24?
12
Calculate the greatest common divisor of 5 and 61.
1
Calculate the highest common divisor of 11 and 253.
11
What is the highest common factor of 407 and 37?
37
Calculate the highest common divisor of 4395 and 75.
15
Calculate the highest common factor of 671 and 22.
11
Calculate the highest common factor of 80 and 3380.
20
Calculate the highest common factor of 32 and 11296.
32
Calculate the greatest common factor of 6 and 39.
3
What is the greatest common factor of 40797 and 27?
27
What is the highest common factor of 90 and 160?
10
Calculate the highest common factor of 22496 and 74.
74
Calculate the greatest common factor of 513 and 54.
27
What is the highest common divisor of 60 and 588?
12
What is the greatest common factor of 9370 and 10?
10
Calculate the greatest common divisor of 59 and 118.
59
Calculate the greatest common factor of 350 and 252.
14
What is the greatest common divisor of 200 and 55?
5
Calculate the greatest common divisor of 48 and 552.
24
Calculate the greatest common divisor of 3537 and 131.
131
What is the highest common factor of 37 and 925?
37
Calculate the greatest common divisor of 7600 and 192.
16
What is the highest common divisor of 64 and 256?
64
What is the greatest common divisor of 248 and 3751?
31
Calculate the highest common factor of 36 and 1152.
36
What is the greatest common factor of 2119 and 65?
13
Calculate the highest common factor of 688 and 43.
43
What is the greatest common factor of 184 and 2093?
23
What is the greatest common divisor of 432 and 13716?
108
Calculate the greatest common factor of 625 and 25.
25
Calculate the greatest common divisor of 1350 and 100.
50
What is the highest common factor of 106 and 424?
106
Calculate the greatest common factor of 178 and 8.
2
Calculate the highest common factor of 16 and 16.
16
What is the highest common factor of 390 and 1014?
78
What is the highest common factor of 91 and 14?
7
Calculate the highest common divisor of 232 and 16.
8
What is the highest common factor of 824 and 206?
206
What is the greatest common factor of 2183 and 74?
37
What is the greatest common divisor of 28 and 1498?
14
Calculate the highest common divisor of 220 and 2959.
11
What is the highest common factor of 165 and 465?
15
Calculate the highest common factor of 209 and 44.
11
What is the highest common factor of 230 and 10?
10
Calculate the greatest common factor of 17 and 51.
17
What is the greatest common divisor of 24 and 4152?
24
What is the highest common factor of 608 and 19?
19
Calculate the greatest common factor of 567 and 21.
21
Calculate the greatest common factor of 4935 and 63.
21
What is the greatest common divisor of 1 and 4?
1
Calculate the highest common factor of 81 and 18.
9
What is the greatest common divisor of 611 and 13?
13
What is the greatest common divisor of 150 and 60?
30
Calculate the highest common divisor of 160 and 10.
10
Calculate the greatest common factor of 13673 and 33.
11
Calculate the highest common divisor of 30 and 15.
15
What is the highest common factor of 374 and 816?
34
Calculate the highest common factor of 343 and 441.
49
Calculate the greatest common divisor of 32 and 24.
8
Calculate the highest common divisor of 16 and 8368.
16
What is the highest common divisor of 16944 and 12?
12
Calculate the highest common factor of 1400 and 175.
175
What is the highest common divisor of 17 and 85?
17
What is the highest common divisor of 336 and 11844?
84
Calculate the greatest common factor of 349 and 142741.
349
What is the highest common factor of 700 and 84?
28
Calculate the highest common divisor of 98 and 2.
2
What is the greatest common factor of 24 and 23144?
8
Calculate the greatest common factor of 166 and 29797.
83
What is the highest common divisor of 3 and 16?
1
What is the highest common divisor of 97 and 11155?
97
What is the highest common divisor of 36 and 288?
36
What is the highest common divisor of 175 and 14?
7
Calculate the highest common divisor of 15 and 669.
3
What is the greatest common factor of 180 and 36?
36
Calculate the highest common factor of 3 and 39.
3
What is the greatest common factor of 448 and 14?
14
Calculate the greatest common divisor of 333 and 37.
37
Calculate the greatest common factor of 141 and 517.
47
What is the highest common factor of 52 and 17836?
52
Calculate the greatest common divisor of 27 and 18.
9
Calculate the greatest common divisor of 1216 and 1368.
152
What is the greatest common factor of 3485 and 10?
5
Calculate the greatest common factor of 2560 and 120.
40
What 